?
False
Suppose 5*m = 10, 4*r + 2*m - 10 = 2*r. Suppose r*d = -6*d + 1161. Is d composite?
True
Suppose q + 2*q = 15. Suppose 13*c - 19959 = -3631. Suppose -x = -q*a - 0*x + c, x + 1 = 0. Is a a prime number?
True
Let v(z) = z**3 + 12*z**2 + 7*z - 7. Let c be v(-7). Let l be (-2 + 73)/(1 - 0). Suppose -4*k + c = -l. Is k a composite number?
True
Suppose -2*n = 5*h - 3 - 17, 2*h = -3*n + 8. Let o = -1 + h. Is (-4 + o)/((-2)/44) a prime number?
False
Is 72/(-60) + (-3511)/(-5) a prime number?
True
Let w be 3246/(-36) + -3 + (-19)/(-6). Suppose 2*b - 5*t = 7*b - 2220, -5*b = -4*t - 2247. Let s = b - w. Is s composite?
True
Let l = 7 + -10. Let u be 2 + (l - 0) + -3117. Is u/(-14) + (-2)/(-7) prime?
True
Let y be 82/3 - 13/39. Is (-4911)/(-2)*18/y prime?
True
Let u be -1*2*(-670 + -4). Suppose 0 = -3*x + h + 1235, u - 508 = 2*x - 4*h. Suppose -3*y + x - 143 = 0. Is y prime?
True
Let t = 59 - 88. Let l = t + 667. Suppose l + 340 = 6*r. Is r a composite number?
False
Suppose -23 = h - 4*m, -3*h - 5*m + 34 = -6*h. Is (-3130)/(-7 - -2) - h prime?
False
Let v = -69343 + 102788. Is v a composite number?
True
Let s(q) = q**3 + 10*q**2 + 4*q + 7. Let v be 8*-1 + 0/(-6). Is s(v) a prime number?
True
Suppose 3*l - 2450 = -2*l. Let f = 798 - 796. Is l/28*1*f prime?
False
Let k(c) = 3*c**3 - 7*c**2 - 8*c + 1. Suppose -3*z = -26 + 8. Let a be k(z). Let i = a + -240. Is i a composite number?
False
Suppose 18852 + 7607 = s. Is s prime?
True
Is (119712/1)/8 - (-4 + -1) composite?
False
Let m(w) = -2*w**3 + 3*w**2 - w - 2. Let u be m(-4). Let o = 769 + -469. Let a = o - u. Is a composite?
True
Suppose -v - 19510 = -5*c + 11633, -4*c - 4*v + 24924 = 0. Is c prime?
True
Let z(i) = 3*i - 1. Let p be z(2). Suppose 0 = 2*c - 5*c + 2*y + 659, 1095 = 5*c - p*y. Is c composite?
True
Is 154970/(-5)*(-5)/10 composite?
False
Let l = 6839 + -2867. Suppose -10*p + l = -9958. Is p prime?
False
Let h = -89451 + 137896. Is h prime?
False
Let u = 3 + 11. Suppose -2*r - 10*h - 16 = -14*h, 0 = -5*r + 4*h - 34. Is r*(-1)/4*u composite?
True
Let g be 9*((-89)/(-3))/1. Suppose w = g - 104. Is w a prime number?
True
Let d(l) = -2*l + 959 + 5*l**2 + 9*l**2 - 964. Is d(-3) composite?
False
Is (-1 - 0) + 1362/1 a prime number?
True
Let i(z) = z + 1. Let m be i(-3). Let g be (m/5)/(4/(-20)). Is (-2)/g*(-28)/2 prime?
False
Let p = -18 + 29. Suppose -850 = -p*v + 459. Is v prime?
False
Let k = -5232 + 7545. Suppose -2*y + 7*y + p - 2880 = 0, 0 = 4*y - p - k. Suppose 4*n - y = -133. Is n a composite number?
True
Let o = -2648 - -14605. Is o composite?
True
Let h be (-240)/((-15)/(-5)) + 0 + 0. Let v = h - -169. Is v a prime number?
True
Suppose 10*q - 7*q - r = 92, 2*r + 120 = 4*q. Suppose 0*n - 3*n = -6. Suppose 0 = n*m - q - 6. Is m a composite number?
False
Suppose 4*s = 9*s - l - 30404, 3*s + 3*l - 18246 = 0. Is s composite?
True
Suppose -61259 = -p + 3*j, p + j - 20831 = 40444. Is p composite?
True
Let j(t) = 18*t**2 + 94*t + 129. Is j(-38) a prime number?
True
Is -2*((-203196)/8)/21 a composite number?
True
Let z = 870 - 2131. Let j = z + 1829. Suppose -l - j = -5*l. Is l a prime number?
False
Suppose 2*n + 4 + 16 = 0. Let d = n - -16. Suppose -o = -4*j + 174, j - 49 = -3*o + d*o. Is j composite?
False
Let a = 20 - 18. Let o be a - (1 + -2)*6. Suppose -6*m + 394 + o = 0. Is m a prime number?
True
Suppose -4*s = -3 - 9. Suppose -2*o = l - 153, 8*o = -4*l + s*o + 627. Is l composite?
False
Let j(l) be the third derivative of -l**6/8 - l**4/24 - l**3/6 - 12*l**2. Is j(-1) a composite number?
True
Suppose 0 = 6*b - 5*b + c - 11356, 5*c - 15 = 0. Suppose 5*i + 4*w = 8673, 2692 - b = -5*i + 2*w. Is i composite?
False
Suppose h - 3*o + 5*o = -13, -3*h + 2*o - 15 = 0. Is (-28)/h - (-219)/1 a prime number?
True
Let q be 3/18*1762 - 18/27. Let t = 2774 - q. Is t composite?
True
Let u be (169/39)/((-1)/(-3)). Let m(d) be the third derivative of d**6/120 - d**5/5 - 5*d**4/12 - d**3 - 4*d**2. Is m(u) composite?
True
Let r = -636 - -1579. Is r prime?
False
Let o(p) = p**3 + 11*p**2 - 5*p - 8. Let j be o(-9). Let a = j - 42. Is a prime?
True
Suppose -i = -0*i - 162. Let z(w) = -w**2 - 15*w. Let v be z(-8). Suppose -c - 3*t = 2*c - i, c - t - v = 0. Is c a composite number?
True
Suppose -2*i = 4*m - 498 - 96, -3*i + 884 = -m. Is i composite?
True
Suppose 13*y - 7*y + 88218 = 0. Is y/(-9) + (-14)/21 composite?
True
Suppose 662 = -0*n - n. Let f be ((-5)/(-15))/(6/(-18)). Is f*n/(2/1) a composite number?
False
Suppose -3*j = 405 - 10569. Let h be (8 - 2) + (-4)/1. Suppose -b - j = -5*k, -7*b + h*b = -k + 692. Is k a composite number?
False
Suppose 4*v = 3 - 15. Let a(w) = 17*w**2 - w + 7. Let i(u) = 34*u**2 - 2*u + 15. Let m(c) = 9*a(c) - 4*i(c). Is m(v) prime?
False
Suppose -4*x - 11 = 2*b - 3, -6 = b + 3*x. Let o be (-371 + 1)/(-1 + b). Suppose 0*n + 5*n = o. Is n a composite number?
True
Let u = -16 - -19. Suppose -5*d = 2*k - 2918, -5868 = -k - u*k - 2*d. Is k a composite number?
True
Let m(i) = 2*i + 868. Let n be m(0). Suppose 0 = -7*p + 4655 - n. Is p a composite number?
False
Suppose -3*q + 0 - 6 = 0. Suppose -b = -4*h + 18, b + 30 = -4*b + 5*h. Is (-1 - (-75)/q)*b prime?
False
Suppose 2*n + 148 - 800 = 0. Suppose 200 = 2*o - n. Is o composite?
False
Let x be 4/6 - (-245)/15. Let r = -13 + x. Suppose -r*z = -4*i + 2*i + 402, -z - 417 = -2*i. Is i a composite number?
False
Suppose -27*s - 41266 = -159985. Is s prime?
True
Let c = -67 + 148. Let f = 164 - c. Is f prime?
True
Let z(a) = 4*a**2 + 7*a - 11. Let u be z(-8). Suppose 0 = 5*g - 2426 - u. Suppose -4*d - 31 = -g. Is d a composite number?
True
Let n be 3 + (0/(-3))/3. Suppose -3*t = n*u - 48, -3*u - t + 6*t + 32 = 0. Is 2/7 - (-3118)/u a composite number?
False
Let t(n) = -n + 1. Let j(x) = 78*x**2 - 6*x - 5. Let v(c) = j(c) - 2*t(c). Is v(12) prime?
True
Let u = -278 - -856. Suppose -2*s + 0*s = -u. Is s prime?
False
Suppose -5*f + 15 = -2*a, f - 9 = -a - 2*f. Let w(h) = -h**3 - h**2 - h + 965. Is w(a) prime?
False
Let v = 17 - 21. Is v/6 - (-8890)/6 prime?
True
Suppose 0 = -m - 13*m + 31318. Is m composite?
False
Let g(c) = c**3 + c**2 - 2*c + 3. Let t(v) = 7 + 0*v + v - 2*v. Let a be t(4). Is g(a) prime?
False
Let u = 2382 + -859. Is u a prime number?
True
Suppose 40*u = 44*u. Suppose u = -p + 4 + 21. Is p a composite number?
True
Let v(b) = -b**3 + 11*b**2 + 8*b - 21. Let g be v(9). Suppose c + 0*n - g = -n, -5*c + n + 1065 = 0. Is c composite?
True
Let w(i) = 146*i + 3. Let c = -1 + 2. Is w(c) composite?
False
Suppose 5*d - 171980 = -3*u, 5*u - 3*d + 90614 = 377304. Is u a prime number?
False
Suppose -9*v + 609722 = -276697. Is v composite?
False
Suppose 15*c - 19*c = -10040. Suppose c = 2*t + 2*l, -10 = 2*l - 2. Is t prime?
True
Suppose 0*o - o = 4*x + 29, 9 = -2*x + 5*o. Let n = x + 45. Is n prime?
False
Let g = 6446 - -4521. Is g a composite number?
True
Let p be (-43 - (-1 + 2)) + 4. Is (8 - p/(-8))/(6/5078) a composite number?
False
Suppose -2*g - 42 = -9*x + 5*x, 0 = 5*x - 4*g - 57. Suppose 4*w + 55415 = x*w. Is w composite?
False
Suppose -2*p - 3*q - 2 = 3*p, -2*p - 16 = 5*q. Suppose s - 20 = i + 16, -p*i = -3*s + 109. Is s prime?
True
Suppose -32*z + 44588 = -28*z. Suppose -2*n = -4, -n + 5*n = 5*d - z. Is d a composite number?
True
Suppose 0*l - l = -2. Let d(i) = 809*i + 5. Is d(l) a composite number?
True
Let r = -94 + 96. Suppose z = r*z - 669. Is z a composite number?
True
Let o(x) be the second derivative of -x**5/20 - x**4/4 - x**3/6 - 3*x**2/2 + 2*x. Let s be o(-3). Is 706 + (-1 + s)*-1 a prime number?
False
Let s(h) = 501*h**2 + 42*h - 85. Is s(2) composite?
False
Suppose 4231 - 13289 = -7*i. Suppose 4*j = -2*r + i, 3*r - 267 + 934 = 2*j. Is j composite?
True
Suppose -12 = 4*k, 5*w + 5*k = 12 + 3. Let j be 85*(-7)/((-70)/w). Suppose -j + 241 = 3*v - c, 4*v - 3*c = 260. Is v a prime number?
False
Let a = 224 + -26. Suppose 3*o + 12 = a. Is o a prime number?
False
Suppose 4*c + 20258 = 54694. Is c a composite number?
False
Let f = 1641 + 562. Is f a prime number?
True
Let a be (1 + 3)*(-2)/(-4). Let s(g) = -3*g**3 + 2*g**3 + 8*g**2 - g + 3 - g + g**a. Is s(7) composite?
True
Suppose -4 = -4*o - 32. Let g be (-2149)/o + -3 + 0. Let u = g - 147. Is u prime?
True
Suppose -3*i + 0*i + 6 = 0. Suppose j + i - 97 = 0. Is j c